 tens digit of 16330?
3
What is the units digit of 2065?
5
What is the thousands digit of 3081?
3
What is the ten thousands digit of 59648?
5
What is the units digit of 15947?
7
What is the units digit of 33577?
7
What is the tens digit of 7291?
9
What is the tens digit of 252?
5
What is the hundreds digit of 511?
5
What is the hundreds digit of 767?
7
What is the ten thousands digit of 40660?
4
What is the tens digit of 2050?
5
What is the thousands digit of 14178?
4
What is the tens digit of 52381?
8
What is the units digit of 13948?
8
What is the units digit of 3659?
9
What is the hundreds digit of 3515?
5
What is the hundreds digit of 6300?
3
What is the thousands digit of 81598?
1
What is the tens digit of 2144?
4
What is the ten thousands digit of 22686?
2
What is the tens digit of 505?
0
What is the units digit of 18617?
7
What is the tens digit of 45327?
2
What is the hundreds digit of 47007?
0
What is the units digit of 118?
8
What is the tens digit of 5324?
2
What is the hundreds digit of 1581?
5
What is the hundreds digit of 1817?
8
What is the units digit of 20?
0
What is the units digit of 161?
1
What is the thousands digit of 1595?
1
What is the hundreds digit of 34195?
1
What is the tens digit of 6693?
9
What is the tens digit of 1147?
4
What is the units digit of 62354?
4
What is the units digit of 2032?
2
What is the units digit of 4?
4
What is the tens digit of 667?
6
What is the units digit of 269?
9
What is the units digit of 23416?
6
What is the tens digit of 5357?
5
What is the units digit of 664?
4
What is the hundred thousands digit of 100765?
1
What is the hundreds digit of 5043?
0
What is the tens digit of 3799?
9
What is the hundreds digit of 38812?
8
What is the hundreds digit of 174?
1
What is the ten thousands digit of 106864?
0
What is the thousands digit of 2351?
2
What is the hundreds digit of 478?
4
What is the tens digit of 6429?
2
What is the tens digit of 669?
6
What is the units digit of 22?
2
What is the units digit of 10611?
1
What is the tens digit of 29062?
6
What is the tens digit of 1135?
3
What is the hundreds digit of 68528?
5
What is the tens digit of 700?
0
What is the units digit of 137?
7
What is the tens digit of 7216?
1
What is the tens digit of 235?
3
What is the ten thousands digit of 48325?
4
What is the hundreds digit of 1006?
0
What is the units digit of 662?
2
What is the thousands digit of 33972?
3
What is the thousands digit of 5192?
5
What is the units digit of 863?
3
What is the hundreds digit of 969?
9
What is the units digit of 1182?
2
What is the thousands digit of 155137?
5
What is the units digit of 2248?
8
What is the units digit of 2956?
6
What is the tens digit of 732?
3
What is the thousands digit of 25809?
5
What is the hundreds digit of 2224?
2
What is the units digit of 1787?
7
What is the tens digit of 4822?
2
What is the ten thousands digit of 24694?
2
What is the hundreds digit of 7422?
4
What is the units digit of 5879?
9
What is the ten thousands digit of 32124?
3
What is the hundreds digit of 927?
9
What is the units digit of 26214?
4
What is the units digit of 5058?
8
What is the tens digit of 2058?
5
What is the units digit of 1117?
7
What is the tens digit of 81791?
9
What is the ten thousands digit of 28011?
2
What is the tens digit of 17379?
7
What is the tens digit of 6320?
2
What is the hundred thousands digit of 105959?
1
What is the tens digit of 3302?
0
What is the units digit of 144?
4
What is the hundreds digit of 5130?
1
What is the hundreds digit of 99226?
2
What is the units digit of 7914?
4
What is the units digit of 11109?
9
What is the tens digit of 1367?
6
What is the tens digit of 15615?
1
What is the ten thousands digit of 91436?
9
What is the units digit of 4742?
2
What is the hundreds digit of 6317?
3
What is the hundreds digit of 13426?
4
What is the units digit of 13612?
2
What is the hundreds digit of 18261?
2
What is the tens digit of 3703?
0
What is the tens digit of 130?
3
What is the units digit of 23183?
3
What is the thousands digit of 8545?
8
What is the units digit of 2242?
2
What is the units digit of 115598?
8
What is the ten thousands digit of 20282?
2
What is the units digit of 3523?
3
What is the tens digit of 9776?
7
What is the units digit of 5376?
6
What is the units digit of 292?
2
What is the thousands digit of 3113?
3
What is the thousands digit of 3522?
3
What is the units digit of 5908?
8
What is the tens digit of 123?
2
What is the hundreds digit of 2370?
3
What is the hundreds digit of 130?
1
What is the hundreds digit of 2338?
3
What is the units digit of 10627?
7
What is the thousands digit of 1329?
1
What is the units digit of 87?
7
What is the hundreds digit of 3047?
0
What is the hundreds digit of 428?
4
What is the thousands digit of 82840?
2
What is the tens digit of 9513?
1
What is the hundreds digit of 44598?
5
What is the tens digit of 3966?
6
What is the tens digit of 58549?
4
What is the tens digit of 66122?
2
What is the tens digit of 3570?
7
What is the hundreds digit of 2937?
9
What is the hundreds digit of 112227?
2
What is the hundreds digit of 93880?
8
What is the hundreds digit of 2702?
7
What is the units digit of 774?
4
What is the ten thousands digit of 11570?
1
What is the units digit of 543?
3
What is the ten thousands digit of 18611?
1
What is the units digit of 3659?
9
What is the thousands digit of 18298?
8
What is the thousands digit of 11351?
1
What is the hundreds digit of 50042?
0
What is the units digit of 15323?
3
What is the hundreds digit of 1143?
1
What is the ten thousands digit of 46817?
4
What is the units digit of 3322?
2
What is the thousands digit of 16736?
6
What is the tens digit of 96311?
1
What is the thousands digit of 2099?
2
What is the ten thousands digit of 30265?
3
What is the hundreds digit of 274?
2
What is the hundreds digit of 21551?
5
What is the tens digit of 17092?
9
What is the hundreds digit of 8416?
4
What is the hundreds digit of 17456?
4
What is the units digit of 3847?
7
What is the hundreds digit of 53249?
2
What is the tens digit of 154?
5
What is the tens digit of 254?
5
What is the tens digit of 12590?
9
What is the hundreds digit of 122051?
0
What is the thousands digit of 1553?
1
What is the tens digit of 1235?
3
What is the thousands digit of 2197?
2
What is the hundreds digit of 51267?
2
What is the tens digit of 36739?
3
What is the units digit of 63162?
2
What is the thousands digit of 11449?
1
What is the hundreds digit of 679?
6
What is the thousands digit of 4624?
4
What is the tens digit of 14316?
1
What is the tens digit of 2234?
3
What is the thousands digit of 84714?
4
What is the units digit of 70?
0
What is the units digit of 1350?
0
What is the hundreds digit of 588?
5
What is the tens digit of 173597?
9
What is the ten thousands digit of 29720?
2
What is the thousands digit of 3723?
3
What is the tens digit of 382?
8
What is the tens digit of 57355?
5
What is the tens digit of 39968?
6
What is the units digit of 1156?
6
What is the ten thousands digit of 37109?
3
What is the units digit of 40392?
2
What is the thousands digit of 76349?
6
What is the tens digit of 13909?
0
What is the ten thousands digit of 121006?
2
What is the hundreds digit of 822?
8
What is the thousands digit of 84954?
4
What is the thousands digit of 82785?
2
What is the ten thousands digit of 25106?
2
What is the hundreds digit of 54509?
5
What is the thousands digit of 2033?
2
What is the tens digit of 211?
1
What is the hundreds digit of 1028?
0
What is the hundreds digit of 2730?
7
What is the thousands digit of 3164?
3
What is the units digit of 10390?
0
What is the units digit of 1449?
9
What is the hundreds digit of 99289?
2
What is the hundreds digit of 152845?
8
What is the units digit of 1712?
2
What is the units digit of 60959?
9
What is the hundreds digit of 3879?
8
What is the thousands digit of 29021?
9
What is the units digit of 13022?
2
What is the tens digit of 28042?
4
What is the ten thousands digit of 29199?
2
What is the thousands digit of 2946?
2
What is the thousands digit of 87212?
7
What is the hundreds digit of 38843?
8
What is the thousands digit of 2183?
2
What is the units digit of 682?
2
What is the units digit of 781?
1
What 